{"id":28,"date":"2025-09-25T08:33:05","date_gmt":"2025-09-25T08:33:05","guid":{"rendered":"https:\/\/bonsense.org\/index.php\/about\/"},"modified":"2026-04-17T10:31:43","modified_gmt":"2026-04-17T10:31:43","slug":"overons","status":"publish","type":"page","link":"https:\/\/bonsense.org\/index.php\/overons\/","title":{"rendered":"Over ons"},"content":{"rendered":"\t\t<div data-elementor-type=\"wp-page\" data-elementor-id=\"28\" class=\"elementor elementor-28\">\n\t\t\t\t<div class=\"elementor-element elementor-element-78e65f51 e-flex e-con-boxed e-con e-parent\" data-id=\"78e65f51\" data-element_type=\"container\">\n\t\t\t\t\t<div class=\"e-con-inner\">\n\t\t\t\t<div class=\"elementor-element elementor-element-1ea6596 elementor-widget elementor-widget-heading\" data-id=\"1ea6596\" data-element_type=\"widget\" data-widget_type=\"heading.default\">\n\t\t\t\t\t<h2 class=\"elementor-heading-title elementor-size-default\">Over ons<\/h2>\t\t\t\t<\/div>\n\t\t\t\t\t<\/div>\n\t\t\t\t<\/div>\n\t\t<div class=\"elementor-element elementor-element-65830b9 e-flex e-con-boxed e-con e-parent\" data-id=\"65830b9\" data-element_type=\"container\" data-settings=\"{&quot;background_background&quot;:&quot;classic&quot;}\">\n\t\t\t\t\t<div class=\"e-con-inner\">\n\t\t<div class=\"elementor-element elementor-element-4922beb e-grid e-con-full e-con e-child\" data-id=\"4922beb\" data-element_type=\"container\">\n\t\t\t\t<div class=\"elementor-element elementor-element-84041cc elementor-widget elementor-widget-text-editor\" data-id=\"84041cc\" data-element_type=\"widget\" data-widget_type=\"text-editor.default\">\n\t\t\t\t\t\t\t\t\t<pre>Missie en visie<\/pre><p>samen werken aan een duurzame toekomst die ook geluk brengt<\/p><p>BonSense brengt mensen, idee\u00ebn en plekken samen rond \u00e9\u00e9n centrale vraag: hoe kunnen we duurzamer leven zonder in te leveren op levenskwaliteit?<\/p><p>Onze missie is om een evenwicht te cre\u00ebren tussen duurzaamheid en geluk. We geloven dat echte verandering ontstaat door verbinding \u2014 tussen mensen, sectoren en perspectieven.<\/p><p>Daarom ontwikkelen we projecten die creativiteit, educatie en participatie combineren \u2014 zonder jargon, zonder oordeel, maar met een praktische en toegankelijke aanpak.<\/p>\t\t\t\t\t\t\t\t<\/div>\n\t\t\t\t<div class=\"elementor-element elementor-element-6ff2695 elementor-widget elementor-widget-image\" data-id=\"6ff2695\" data-element_type=\"widget\" data-widget_type=\"image.default\">\n\t\t\t\t\t\t\t\t\t\t\t\t\t\t\t<img fetchpriority=\"high\" decoding=\"async\" width=\"800\" height=\"577\" src=\"https:\/\/bonsense.org\/wp-content\/uploads\/2025\/10\/overons-1024x739.jpg\" class=\"attachment-large size-large wp-image-2865\" alt=\"\" srcset=\"https:\/\/bonsense.org\/wp-content\/uploads\/2025\/10\/overons-1024x739.jpg 1024w, https:\/\/bonsense.org\/wp-content\/uploads\/2025\/10\/overons-300x216.jpg 300w, https:\/\/bonsense.org\/wp-content\/uploads\/2025\/10\/overons-768x554.jpg 768w, https:\/\/bonsense.org\/wp-content\/uploads\/2025\/10\/overons-112x80.jpg 112w, https:\/\/bonsense.org\/wp-content\/uploads\/2025\/10\/overons.jpg 1094w\" sizes=\"(max-width: 800px) 100vw, 800px\" \/>\t\t\t\t\t\t\t\t\t\t\t\t\t\t\t<\/div>\n\t\t\t\t<\/div>\n\t\t\t\t\t<\/div>\n\t\t\t\t<\/div>\n\t\t<div class=\"elementor-element elementor-element-74f0061 e-con-full e-flex e-con e-parent\" data-id=\"74f0061\" data-element_type=\"container\" data-settings=\"{&quot;background_background&quot;:&quot;classic&quot;}\">\n\t\t\t\t<div class=\"elementor-element elementor-element-2dc1da8 elementor-widget elementor-widget-heading\" data-id=\"2dc1da8\" data-element_type=\"widget\" data-widget_type=\"heading.default\">\n\t\t\t\t\t<h2 class=\"elementor-heading-title elementor-size-default\">Onze doelstelling<\/h2>\t\t\t\t<\/div>\n\t\t\t\t<div class=\"elementor-element elementor-element-ac872a9 elementor-widget elementor-widget-text-editor\" data-id=\"ac872a9\" data-element_type=\"widget\" data-widget_type=\"text-editor.default\">\n\t\t\t\t\t\t\t\t\t<p><strong>De vzw stelt zich tot doel het bevorderen van een positieve, duurzame en vreedzame toekomstvisie voor de mensheid, door:<\/strong><\/p><p>BonSense zet zich in voor het bevorderen van een positieve, duurzame en verbonden toekomst.<\/p><p>De organisatie ondersteunt de maatschappelijke transitie naar ecologische, sociale en culturele duurzaamheid.<\/p><p>Daarnaast stimuleert BonSense gemeenschapsvorming, participatie en zingeving.<\/p><p>Er wordt gewerkt aan het versterken van bewustere en waardevollere manieren van leven.<\/p><p>BonSense faciliteert processen \u2014 zowel fysiek als digitaal \u2014 die ontmoeting en menselijke verbondenheid ondersteunen.<\/p><p>Tot slot worden technologie, kunst, cultuur en educatie ge\u00efntegreerd in dienst van een inclusieve en betekenisvolle samenleving.<\/p><p><strong>\u00a0<\/strong>Zo draagt BonSense bij aan een samenleving waarin duurzaamheid, verbinding en menselijk welzijn hand in hand gaan.<\/p>\t\t\t\t\t\t\t\t<\/div>\n\t\t\t\t<\/div>\n\t\t\t\t<\/div>\n\t\t","protected":false},"excerpt":{"rendered":"<p>Over ons Missie en visie samen werken aan een duurzame toekomst die ook geluk brengt BonSense brengt mensen, idee\u00ebn en plekken samen rond \u00e9\u00e9n centrale vraag: hoe kunnen we duurzamer leven zonder in te leveren op levenskwaliteit? Onze missie is om een evenwicht te cre\u00ebren tussen duurzaamheid en geluk. We geloven dat echte verandering ontstaat [&hellip;]<\/p>\n","protected":false},"author":1,"featured_media":0,"parent":0,"menu_order":0,"comment_status":"closed","ping_status":"closed","template":"elementor_header_footer","meta":{"footnotes":""},"class_list":["post-28","page","type-page","status-publish","hentry"],"_links":{"self":[{"href":"https:\/\/bonsense.org\/index.php\/wp-json\/wp\/v2\/pages\/28","targetHints":{"allow":["GET"]}}],"collection":[{"href":"https:\/\/bonsense.org\/index.php\/wp-json\/wp\/v2\/pages"}],"about":[{"href":"https:\/\/bonsense.org\/index.php\/wp-json\/wp\/v2\/types\/page"}],"author":[{"embeddable":true,"href":"https:\/\/bonsense.org\/index.php\/wp-json\/wp\/v2\/users\/1"}],"replies":[{"embeddable":true,"href":"https:\/\/bonsense.org\/index.php\/wp-json\/wp\/v2\/comments?post=28"}],"version-history":[{"count":140,"href":"https:\/\/bonsense.org\/index.php\/wp-json\/wp\/v2\/pages\/28\/revisions"}],"predecessor-version":[{"id":3191,"href":"https:\/\/bonsense.org\/index.php\/wp-json\/wp\/v2\/pages\/28\/revisions\/3191"}],"wp:attachment":[{"href":"https:\/\/bonsense.org\/index.php\/wp-json\/wp\/v2\/media?parent=28"}],"curies":[{"name":"wp","href":"https:\/\/api.w.org\/{rel}","templated":true}]}}